5*x. Calculate i(-3).
-16
Let h = 122 - -74. Let b(x) = 27*x + h - 100 - 95. Calculate b(-1).
-26
Suppose 6*s = 9 - 15. Let i(h) be the second derivative of -2*h**5/5 + h**4/12 + h**3/6 + 105*h. What is i(s)?
8
Let j(c) = -c**2 - c. Let r(l) = -5*l**2 - 3*l - 1. Let u(t) = 3*j(t) - r(t). Suppose -8866 = 84*h - 8950. Give u(h).
3
Let l be (1/(-1))/(3/3). Let h = 2 + l. Let i(o) = -14*o**2 + 69*o - 70*o - h + 2. What is i(1)?
-14
Let h(b) = -b. Let f be -2 + (-5 - (-3)/1). Let x be h(f). Suppose 0*w = w + x. Let m(v) = -v**2 - 4*v - 3. What is m(w)?
-3
Let z be -9 - -14 - 73*-1. Let a(k) = -k + 74*k**3 + 2*k + 3*k**2 - z*k**3 - 4*k**2. Give a(1).
-4
Let y(g) be the first derivative of 13*g**2 - 30*g - 5 - 14*g**2 + 22*g. What is y(-9)?
10
Let r(l) be the second derivative of l**4/12 - 13*l**3/6 + 11*l**2/2 - l. Suppose 969 = 8*x + 9*x. Suppose 120 = 67*a - x*a. Calculate r(a).
-1
Let n(d) = d - 11. Suppose 118*a - 89 - 501 = 0. Calculate n(a).
-6
Suppose 30*h + 70 = 44*h. Let m(u) = -6*u - 15. Let s(y) = 28*y + 76. Let v(n) = 24*m(n) + 5*s(n). What is v(h)?
0
Let k(y) = -10*y - 5. Suppose -l - 11 = 2*u, -4*u + 2*l = -0*u + 2. Let q(r) = 3*r + 2. Let w(o) = u*k(o) - 8*q(o). Give w(1).
5
Let n(o) be the third derivative of o**4/12 - 3*o**3/2 + o**2. Suppose 117 = -68*t + 77*t. Suppose -15*v + t*v = -5*p + 40, -2*p + 27 = -3*v. Determine n(p).
3
Let r(q) be the third derivative of -q**8/20160 + q**6/720 - 107*q**5/60 - 49*q**2. Let i(y) be the third derivative of r(y). Determine i(2).
-3
Let w(a) = -a**2 + a + 3. Let s be -3 + 4/9 + (-4146)/(-27). Let v = s + -151. What is w(v)?
3
Let b(z) be the first derivative of -1/2*z**2 + 73 - 1/3*z**3 - 2*z + 1/4*z**4. Calculate b(0).
-2
Let j(i) = -i**3 + 4*i**2 + 10*i + 1. Let l(s) = -67*s + 5. Let b be l(0). Give j(b).
26
Suppose 2*n + 3*j - 14 = 0, -15 = -4*n + n - 3*j. Let z(w) = -1 - w - 8 - n. Suppose -66*p = -77*p - 88. Give z(p).
-2
Let r(i) = 8*i + 112. Let p(n) = -9*n - 122. Let l(t) = 5*p(t) + 6*r(t). Calculate l(-25).
-13
Let z(r) = -5*r - 19. Let g = -3183 + 3175. Give z(g).
21
Let a(n) = 10 - n - 30 + 13 + 0*n. Let i(s) = -s + 1. Let g(c) = a(c) - 3*i(c). Determine g(8).
6
Let f = 114 - 110. Let o be 4/(-10) - (f - 6/(-10)). Let l(j) = -10*j**2 - 6*j + 18. Let r(t) = 7*t**2 + 4*t - 12. Let b(x) = 5*l(x) + 7*r(x). What is b(o)?
-9
Suppose 5*h + 366 = -4*o - 230, 0 = 3*h + 4*o + 356. Let k be 4*(-6)/(h/(-35)). Let r(i) = -2*i + 9. Calculate r(k).
23
Let d(f) = -144*f - 421 + 42*f + 434. Give d(2).
-191
Let x = 4403 - 4399. Let d(l) = 2*l**2 + 4*l - 4. Determine d(x).
44
Suppose 0 = 2*b + 2*b - 24. Let r(m) be the third derivative of 7/24*m**4 - 4/3*m**3 - 1/60*m**5 + 0*m + 0 + 29*m**2. Determine r(b).
-2
Let r(d) = 3*d**2 - 11*d - 4. Let q = 1491 + -1483. Determine r(q).
100
Let i(x) be the third derivative of 0*x - 87*x**2 + 0 + 0*x**3 + 1/24*x**4. Calculate i(-5).
-5
Let t be (51 - 0)*(-4 + 13/3). Let u(a) = 13*a**2 - 186*a - 25*a**2 - t + 13*a**2 + 174*a. What is u(13)?
-4
Let c(r) = -r - 7. Let u be c(-5). Let h(y) = 14 + 1 - 8 + 13*y + 0. Let x(t) = -7*t - 4. Let a(q) = 3*h(q) + 5*x(q). What is a(u)?
-7
Let f = 28 - 3. Let s be (18/(-45))/((-2)/f). Let a(c) = -2*c + 3 - s + 0 + 0. What is a(-3)?
4
Let y = -2 + 10. Let w be y*1/(1 + 1). Let n(c) = -120*c + 3 + 177*c - 58*c. Give n(w).
-1
Let s(z) = 9*z + 93. Suppose -4*b + 79 = -5*f, b - 41 = -3*f - 68. What is s(f)?
-6
Let q(x) be the first derivative of x - 7/2*x**2 + 1/3*x**3 - 40. What is q(6)?
-5
Let l(d) = -281*d + 2813. Let w be l(10). Let u(g) = -102*g + 302. Give u(w).
-4
Let n(z) = 8*z + 178. Let q be n(-22). Let c(o) = 21*o + q*o**2 - o**2 - 28 + 23 + 0*o**2. Determine c(-21).
-5
Let d(v) = 3*v + 11. Suppose 6 = 5*h - 3*m, h = 5*h - 3*m - 3. Suppose 4*r + h*t = -13, 3*t = 3 - 0. Give d(r).
-1
Let g(m) = -3*m - 1. Let h(s) = 1 - 13*s - 6 - s - 3. Let f(l) = -5*g(l) + h(l). Suppose -3*i = -4*w + w - 3, 5*w + 4*i = 4. What is f(w)?
-3
Let v(r) = 30*r - 117. Let b be v(4). Let q(n) = 13*n**2 - 4*n. Give q(b).
105
Let l(n) = 5*n**3 - 11*n**2 + 2*n - 83. Let s(z) = -2*z**3 + 6*z**2 + 37. Let j(x) = 3*l(x) + 7*s(x). Give j(-8).
26
Let b(o) = o**2 + 1. Let z(n) = -n**3 + 2*n**2 + 4*n - 2. Let i(f) = -b(f) + z(f). Let x = 105048 + -105045. What is i(x)?
-9
Let x(t) = 2 - 2 - t - 12. Let v(w) be the first derivative of 2*w - 3. Let k(h) = -10*v(h) - 2*x(h). Give k(-6).
-8
Let w(r) = -5*r - 9. Let j = 6503 - 6515. What is w(j)?
51
Suppose 0 = 85*q - 84*q - 2. Suppose x - 2*x + 9 = q*m, -m = -5*x + 12. Let z(g) = g**2 - 4*g + 7. Calculate z(m).
4
Let o(i) = 98*i**2 - 139*i - 64. Let c(p) = -23*p**2 + 32*p + 16. Let h(q) = -17*c(q) - 4*o(q). Suppose -3*j - 2*n = 1 - 44, 38 = 3*j + n. Give h(j).
-5
Suppose 25 = -3*b + 4*u + u, -b + 25 = 5*u. Let a(q) = 2 + 123*q**2 - 124*q**2 + b - 11*q. Calculate a(-7).
30
Let i(m) = 9*m + 247 - 287 - 3*m. Let l be i(8). Let d be -4 - (2 + -3)*l. Let o(t) = -t**2 + 5*t + 2. Give o(d).
6
Let w(s) = s**3 - 2*s. Let g(q) = 30*q + 31*q + 2 - 62*q. Let b be g(2). Let l(x) = -2*x - 2. Let d be l(b). What is w(d)?
-4
Let y be (-10)/25 - 2/(-5). Let u(t) = -25 - 24995*t + 46 - 25 + 24993*t. Determine u(y).
-4
Let t(y) = -y**3 + 7*y**2 - 3. Suppose 0 = -5*o + 10, -4 = -z - o - 2. Let d be z/(-6*(-3)/9). Suppose -4*v + b = -28, 21 = 3*v - d*b - b. Give t(v).
-3
Let p(n) be the third derivative of -n**5/60 + n**4/6 + n**3/6 + 3*n**2 + 8*n - 461. Let b = -8 - -3. Give p(b).
-44
Suppose -2*l - 7 = 1. Let n(w) be the third derivative of -5*w**4/24 - 2*w**3 - 1479*w**2. Calculate n(l).
8
Let o(z) = 197*z**2 - 12*z - 10 - 204*z**2 + z**3 + 14*z. Let c be 15/5 + 12/3. Give o(c).
4
Let i(n) = 3*n + 1. Suppose 5*l - 16 = -1. Let j = 367 - 365. Suppose 2*w - z + l = -j, -4*w + z - 7 = 0. What is i(w)?
-2
Let c(v) = -v**2 + 14*v - 32. Let w(i) = 303*i - 897. Let g be w(3). Calculate c(g).
-8
Suppose -1574*l + 1580*l - 6 = 0. Let t(c) be the second derivative of -c**5/4 - 24*c. What is t(l)?
-5
Let k(z) be the second derivative of z**3/2 + 75*z**2/2 - 91*z + 30. Determine k(-19).
18
Let a(x) = -x**3 + 9*x**2 + 5*x + 61. Let o be a(10). Let k = -6 + 13. Let t = k - o. Let g(f) = f**2 - 5. Determine g(t).
11
Let p(q) = -q**3 + 5*q**2 + 14*q. Let x = -16948 + 16955. What is p(x)?
0
Let u(p) = 9842 - 5*p + 9836 - 19663. What is u(18)?
-75
Suppose 3*z = 5*z - 2. Let h(v) = v**2 + v + 65. Let o(a) = a. Let u(y) = h(y) - 2*o(y). Let l(m) be the first derivative of u(m). Calculate l(z).
1
Let a(s) = -4*s - 7. Let u(l) = 107*l + 35. Let v be u(-3). Let i = v + 293. What is a(i)?
-35
Suppose 2 = 4*i - 2. Let z(l) = i + 2*l + 16*l**3 + l - 4*l. Suppose -2*f - 5*a + 17 = -15, -a + 6 = 0. Determine z(f).
16
Let q(j) = 4*j + 9 - 5*j + 4 - 2. Suppose 0 = n + 7, 12*r + 5*n = 16*r - 71. Calculate q(r).
2
Suppose -19592*q = -19649*q - 228. Let s(d) = -2*d**2 - 7*d + 3*d**2 - 4 + 2*d. Determine s(q).
32
Suppose 2*h + 4*s - 32 = 0, s = 4*h - 25 + 6. Suppose -128 = -h*c - 140. Let q(n) = -n**2 - 4*n. What is q(c)?
4
Suppose 3902*x - 3908*x + 18 = 0. Let a(t) be the second derivative of 9*t + 0 + x*t**2 + 1/6*t**3. Calculate a(-4).
2
Let z(i) = 4*i + 20. Let x = -4762 - -4759. Calculate z(x).
8
Let k(z) = 13*z**3 + 18*z**2 - 24*z - 108. Let m(r) = 10*r**3 + 12*r**2 - 23*r - 107. Let d(l) = -4*k(l) + 5*m(l). Calculate d(-6).
11
Let b(l) = 5*l**3 - 22*l**2 - 13*l + 5. Let h(r) = -7*r**3 + 28*r**2 + 14*r - 5. Let z(c) = 4*b(c) + 3*h(c). Give z(-5).
80
Suppose -39 = -5*r + 4*l + 21, 0 = 2*r - 3*l - 17. Suppose r*t - 20 = 12*t. Let v(b) = 3*b**2 - 3*b**2 - 7*b + 3*b**2 - 2*b**2. Calculate v(t).
-10
Suppose -3*o = 4*b - 176 - 76, -2*b + 2*o + 112 = 0. Let x = b + -40. Let d(z) = -7 - 12 + x - 4*z**2 + z**3 - z. What is d(4)?
-3
Suppose 15*u + 120 = 11*u. Let v = 32 + u. Let t(q) = -1 + 0 + 42*q**v - 81*q**2 + 40*q**2. Calculate t(2).
3
Let g(z) = -2*z. Let v(m) = 7*m**2 + 1. Let b = 147 + -148. Let y be v(b). Suppose -10*d - 22 = y. Determine g(d).
6
Let n be 3/21 + 34/7. Let z be (-8)/(-20) + 0 + 28/n. Let l(m) = -7*m + z*m - m**3 + 2*m**3 + 0*m**3 - 5*m**2. Determine l(5).
-5
Let j(u) = -6*u - 3. Let z = 245 + -199. Suppose 39*l + 21 = z*l. Give j(l).
-21
Let s(x) = -4*x**2 + 23*x + 96. Let h(o) = -o**2 + 5*o + 23. Let d(m) = -9*h(m) + 2*s(m). Give d(-